{"id":88,"date":"2020-06-12T10:18:52","date_gmt":"2020-06-12T10:18:52","guid":{"rendered":"https:\/\/pruebaconunasonrisa.org\/?page_id=88"},"modified":"2025-02-11T17:28:09","modified_gmt":"2025-02-11T17:28:09","slug":"colaboradores","status":"publish","type":"page","link":"https:\/\/pruebaconunasonrisa.org\/index.php\/colaboradores\/","title":{"rendered":"NUESTROS COLABORADORES"},"content":{"rendered":"\n<p><strong>Tenemos la suerte de contar con la colaboraci\u00f3n de muchas personas y entidades que hacen posible este proyecto.<\/strong><\/p>\n\n\n\n<p><mark>(Palabra clave <\/mark><mark>4<\/mark><mark>: <mark>SONRISA<\/mark>)<\/mark><\/p>\n\n\n\n<p><a href=\"http:\/\/www.alvemacorent.com\/\">ALVEMACO RENT<\/a><\/p>\n\n\n\n<p>Desde que empezamos a recorrer Asturias con nuestras charlas,  los coches de Alvemaco Rent nos han acompa\u00f1ado para llevar nuestra asociaci\u00f3n a m\u00e1s y m\u00e1s gente, adem\u00e1s de costear este hosting.<\/p>\n\n\n\n<figure class=\"wp-block-image size-large is-resized\"><img loading=\"lazy\" decoding=\"async\" width=\"284\" height=\"178\" src=\"https:\/\/pruebaconunasonrisa.org\/wp-content\/uploads\/2020\/06\/image.png\" alt=\"Alvemaco Rent | Renting y Rentacar - Alquiler de coches para ...\" class=\"wp-image-89\" style=\"width:194px;height:auto\" srcset=\"https:\/\/pruebaconunasonrisa.org\/wp-content\/uploads\/2020\/06\/image.png 284w, https:\/\/pruebaconunasonrisa.org\/wp-content\/uploads\/2020\/06\/image-24x15.png 24w, https:\/\/pruebaconunasonrisa.org\/wp-content\/uploads\/2020\/06\/image-36x23.png 36w, https:\/\/pruebaconunasonrisa.org\/wp-content\/uploads\/2020\/06\/image-48x30.png 48w\" sizes=\"auto, (max-width: 284px) 100vw, 284px\" \/><\/figure>\n\n\n\n<figure class=\"wp-block-image size-full is-resized\"><img loading=\"lazy\" decoding=\"async\" width=\"648\" height=\"354\" src=\"https:\/\/pruebaconunasonrisa.org\/wp-content\/uploads\/2025\/02\/image-9.png\" alt=\"\" class=\"wp-image-211\" style=\"width:176px;height:auto\" srcset=\"https:\/\/pruebaconunasonrisa.org\/wp-content\/uploads\/2025\/02\/image-9.png 648w, https:\/\/pruebaconunasonrisa.org\/wp-content\/uploads\/2025\/02\/image-9-300x164.png 300w, https:\/\/pruebaconunasonrisa.org\/wp-content\/uploads\/2025\/02\/image-9-24x13.png 24w, https:\/\/pruebaconunasonrisa.org\/wp-content\/uploads\/2025\/02\/image-9-36x20.png 36w, https:\/\/pruebaconunasonrisa.org\/wp-content\/uploads\/2025\/02\/image-9-48x26.png 48w\" sizes=\"auto, (max-width: 648px) 100vw, 648px\" \/><\/figure>\n\n\n\n<p><a href=\"https:\/\/www.lkidiomas.com\/\">LANGUAGE KINGDOM<\/a><\/p>\n\n\n\n<p>La imagen en nuestros roll-up, sorteos para nuestras Galas y todo el apoyo incondicional que aporta Language Kingdom. Mucho m\u00e1s que una academia.<\/p>\n\n\n\n<figure class=\"wp-block-image size-full is-resized\"><img loading=\"lazy\" decoding=\"async\" width=\"696\" height=\"525\" src=\"https:\/\/pruebaconunasonrisa.org\/wp-content\/uploads\/2025\/02\/image-10.png\" alt=\"\" class=\"wp-image-213\" style=\"width:182px;height:auto\" srcset=\"https:\/\/pruebaconunasonrisa.org\/wp-content\/uploads\/2025\/02\/image-10.png 696w, https:\/\/pruebaconunasonrisa.org\/wp-content\/uploads\/2025\/02\/image-10-300x226.png 300w, https:\/\/pruebaconunasonrisa.org\/wp-content\/uploads\/2025\/02\/image-10-685x517.png 685w, https:\/\/pruebaconunasonrisa.org\/wp-content\/uploads\/2025\/02\/image-10-24x18.png 24w, https:\/\/pruebaconunasonrisa.org\/wp-content\/uploads\/2025\/02\/image-10-36x27.png 36w, https:\/\/pruebaconunasonrisa.org\/wp-content\/uploads\/2025\/02\/image-10-48x36.png 48w\" sizes=\"auto, (max-width: 696px) 100vw, 696px\" \/><\/figure>\n\n\n\n<p><a href=\"https:\/\/www.cafento.com\/\">CAFENTO<\/a><\/p>\n\n\n\n<p>Si pensamos en \u00abempresa\u00bb y \u00abTineo\u00bb juntos se nos viene a la cabeza CAFENTO. Ejemplo de crecimiento, tambi\u00e9n de superaci\u00f3n y por supuesto, de solidaridad. Nuestros flyers llevan su marca, as\u00ed como las distintas aportaciones que han hecho en las distintas galas solidarias,<\/p>\n\n\n\n<figure class=\"wp-block-image size-full is-resized\"><img loading=\"lazy\" decoding=\"async\" width=\"604\" height=\"565\" src=\"https:\/\/pruebaconunasonrisa.org\/wp-content\/uploads\/2025\/02\/image-11.png\" alt=\"\" class=\"wp-image-214\" style=\"width:178px;height:auto\" srcset=\"https:\/\/pruebaconunasonrisa.org\/wp-content\/uploads\/2025\/02\/image-11.png 604w, https:\/\/pruebaconunasonrisa.org\/wp-content\/uploads\/2025\/02\/image-11-300x281.png 300w, https:\/\/pruebaconunasonrisa.org\/wp-content\/uploads\/2025\/02\/image-11-24x22.png 24w, https:\/\/pruebaconunasonrisa.org\/wp-content\/uploads\/2025\/02\/image-11-36x34.png 36w, https:\/\/pruebaconunasonrisa.org\/wp-content\/uploads\/2025\/02\/image-11-48x45.png 48w\" sizes=\"auto, (max-width: 604px) 100vw, 604px\" \/><\/figure>\n\n\n\n<p><a href=\"https:\/\/www.bordadosazulmarino.es\/\">BORDADOS AZUL MARINO<\/a><\/p>\n\n\n\n<p class=\"has-text-align-center\"><strong>COLABORADORES DE LA II GALA SOLIDARIA<\/strong> (2024)<\/p>\n\n\n\n<p>(Si nos hemos olvidado de alguien, \u00a1lo sentimos! Hac\u00e9dnoslo saber;) )<\/p>\n\n\n\n<p><a href=\"https:\/\/boombasticfestival.com\/\">Boombastic Festival<\/a><\/p>\n\n\n\n<p><a href=\"https:\/\/www.rafaelredondo.com\/\">Rafael Redondo \u00abCOACH\u00bb<\/a><\/p>\n\n\n\n<p><a href=\"https:\/\/www.facebook.com\/p\/Modas-Julia-100040871664781\/?locale=es_ES\">Modas Julia<\/a><\/p>\n\n\n\n<p>Language Kingdom<\/p>\n\n\n\n<p><a href=\"https:\/\/bertysburger.com\/\">Berty\u00b4s Burguer<\/a><\/p>\n\n\n\n<p><a href=\"https:\/\/coquettetineo.com\/\">Coquette<\/a><\/p>\n\n\n\n<p><a href=\"https:\/\/www.facebook.com\/gemma.peluqueria.52\/?locale=es_ES\">Peluquer\u00eda Gemma<\/a><\/p>\n\n\n\n<p>Montecelio Y <a href=\"http:\/\/www.mantequeradetineo.com\/\">Mantequera de Tineo<\/a><\/p>\n\n\n\n<p><a href=\"https:\/\/www.facebook.com\/p\/Herbolario-El-Bosque-TINEO-100057459908549\/?locale=es_ES\">Herbolario el Bosque<\/a><\/p>\n\n\n\n<p><a href=\"https:\/\/www.facebook.com\/p\/La-Nube-100057079285844\/\">La Nube (Tineo)<\/a><\/p>\n\n\n\n<p><a href=\"https:\/\/fundacionautomaticostineo.com\/\">Fundaci\u00f3n Autom\u00e1ticos Tineo<\/a><\/p>\n\n\n\n<p><a href=\"https:\/\/www.facebook.com\/p\/Yolanda-Decoraci%C3%B3n-100057353774562\/?locale=es_ES\">Yolanda Decoraci\u00f3n<\/a><\/p>\n\n\n\n<p><a href=\"https:\/\/www.facebook.com\/p\/El-Ba%C3%BAl-de-Carlota-100063744422800\/\">El Ba\u00fal de Carlota<\/a><\/p>\n\n\n\n<p><a href=\"https:\/\/www.qdq.com\/la-hora-fija-731106\">Joyer\u00eda la Hora Fija<\/a><\/p>\n\n\n\n<p><a href=\"https:\/\/www.instagram.com\/estrellasmarinasartesania\/\">Estrellas Marinas Artesan\u00eda (Tania)<\/a><\/p>\n\n\n\n<p><a href=\"https:\/\/www.facebook.com\/p\/Florister%C3%ADa-Domingo-100063463996071\/?locale=es_ES\">Florister\u00eda Domingo<\/a><\/p>\n\n\n\n<p><a href=\"https:\/\/www.facebook.com\/eldesvandeteteasturias\/?locale=es_ES\">El Desv\u00e1n de Tete<\/a><\/p>\n\n\n\n<p><a href=\"http:\/\/futurcamp.es\/\">Futur Camp<\/a><\/p>\n\n\n\n<p><a href=\"https:\/\/carnicasarango.com\/\">C\u00e1rnicas Arango<\/a><\/p>\n\n\n\n<p><a href=\"https:\/\/www.facebook.com\/veroallande\/?locale=es_ES\">Allande Estilistas<\/a><\/p>\n\n\n\n<p><a href=\"https:\/\/www.facebook.com\/p\/Comercio-El-Redondo-100057064886976\/?locale=es_LA\">Comercio El Redondo (Allande)<\/a><\/p>\n\n\n\n<p><a href=\"https:\/\/www.facebook.com\/calzados.delauz\/?locale=es_ES\">Calzados de la Uz (Tineo)<\/a><\/p>\n\n\n\n<p><a href=\"https:\/\/www.facebook.com\/librerias.treito\/?locale=es_ES\">Librer\u00eda Treito (Cangas)<\/a><\/p>\n\n\n\n<p><a href=\"https:\/\/www.centrallecheraasturiana.es\/\">Central Lechera<\/a><\/p>\n\n\n\n<p><a href=\"https:\/\/cesarcastano.com\/\">C\u00e9sar Casta\u00f1o<\/a><\/p>\n\n\n\n<p class=\"has-text-align-center\"><strong>COLABORADORES DE LA I GALA SOLIDARIA<\/strong> (2019)<\/p>\n\n\n\n<p><a href=\"https:\/\/www.one-move.org\/\">ONE MOVE<\/a> <\/p>\n\n\n\n<p>PELUQUER\u00cdA Y EST\u00c9TICA MAR\u00cdA JOS\u00c9 SANTIAGO<\/p>\n\n\n\n<p>PELUQUER\u00cdA GEMMA<\/p>\n\n\n\n<p>REAL SPORTING DE GIJ\u00d3N<\/p>\n\n\n\n<p>FUNDACI\u00d3N REAL OVIEDO<\/p>\n\n\n\n<p>FUNDACI\u00d3N RAFAEL NADAL<\/p>\n\n\n\n<p>CAFENTO<\/p>\n\n\n\n<p>FUJIFILM<\/p>\n\n\n\n<p><\/p>\n\n\n\n<p><\/p>\n\n\n\n<p><\/p>\n\n\n\n<p><\/p>\n","protected":false},"excerpt":{"rendered":"<p>Tenemos la suerte de contar con la colaboraci\u00f3n de muchas personas y entidades que hacen posible este proyecto. (Palabra clave 4: SONRISA) ALVEMACO RENT Desde que empezamos a recorrer Asturias con nuestras charlas, los coches de Alvemaco Rent nos han acompa\u00f1ado para llevar nuestra asociaci\u00f3n a m\u00e1s y m\u00e1s gente, adem\u00e1s de costear este hosting. &hellip; <a href=\"https:\/\/pruebaconunasonrisa.org\/index.php\/colaboradores\/\" class=\"more-link\">Seguir leyendo <span class=\"screen-reader-text\">NUESTROS COLABORADORES<\/span><\/a><\/p>\n","protected":false},"author":1,"featured_media":0,"parent":0,"menu_order":0,"comment_status":"closed","ping_status":"closed","template":"","meta":{"footnotes":""},"class_list":["post-88","page","type-page","status-publish","hentry"],"_links":{"self":[{"href":"https:\/\/pruebaconunasonrisa.org\/index.php\/wp-json\/wp\/v2\/pages\/88","targetHints":{"allow":["GET"]}}],"collection":[{"href":"https:\/\/pruebaconunasonrisa.org\/index.php\/wp-json\/wp\/v2\/pages"}],"about":[{"href":"https:\/\/pruebaconunasonrisa.org\/index.php\/wp-json\/wp\/v2\/types\/page"}],"author":[{"embeddable":true,"href":"https:\/\/pruebaconunasonrisa.org\/index.php\/wp-json\/wp\/v2\/users\/1"}],"replies":[{"embeddable":true,"href":"https:\/\/pruebaconunasonrisa.org\/index.php\/wp-json\/wp\/v2\/comments?post=88"}],"version-history":[{"count":10,"href":"https:\/\/pruebaconunasonrisa.org\/index.php\/wp-json\/wp\/v2\/pages\/88\/revisions"}],"predecessor-version":[{"id":226,"href":"https:\/\/pruebaconunasonrisa.org\/index.php\/wp-json\/wp\/v2\/pages\/88\/revisions\/226"}],"wp:attachment":[{"href":"https:\/\/pruebaconunasonrisa.org\/index.php\/wp-json\/wp\/v2\/media?parent=88"}],"curies":[{"name":"wp","href":"https:\/\/api.w.org\/{rel}","templated":true}]}}